Suppose 6*o = -5*d + 2*o + 161, 5*d - 157 = -3*o. Suppose -3*x = 4*w + 37, 2*x + 0 - d = 5*w. List the prime factors of 102/4 + w/(-14).
2, 13
Suppose 4*x + 519 = -2*y + 149, -3*x - 3*y - 279 = 0. Let d = 45 - x. What are the prime factors of d?
137
Let m = 20923 + -5522. What are the prime factors of m?
15401
Let n = 14029 + -7256. What are the prime factors of n?
13, 521
Let j be ((-8)/3)/((-4)/(-6)). Let s be (j + 4)/((-4)/(-2)). List the prime factors of (s - -84)*1 + (3 - 0).
3, 29
Let q(j) = -24*j**2 - 784*j + 1. List the prime factors of q(-15).
6361
Suppose 0 = -2*g - 3*i + 11000, -2*g - i + 11008 = -0*g. What are the prime factors of g?
2, 2753
Suppose -5*k = -4*y + 314, -5*k = 4*y + 378 - 72. Let z = k + 337. Suppose -l + 340 = 4*l - 2*i, -4*l = -i - z. What are the prime factors of l?
2, 5, 7
Let r(k) = 19*k + 203. List the prime factors of r(4).
3, 31
Let l be ((-679)/14 + -4)*-56. Suppose -12*b = l - 11292. List the prime factors of b.
2, 3, 29
Suppose 6*g - 37 = g - 2*h, -3*g + 11 = 4*h. Suppose 0 = -5*y + g + 6. Suppose -4*z = 5*r - 145, z - 33 = y*r + 16. List the prime factors of z.
2, 5
List the prime factors of (-24)/84 - (4876840/(-70))/4.
17417
Let g(h) = 749*h**2 + 562*h + 36. What are the prime factors of g(8)?
2, 13, 1009
Suppose 4*x - 106300 = -4*g, -5*g + 57*x = 53*x - 132866. List the prime factors of g.
2, 3, 43, 103
Suppose -78*r = 1174932 - 3372270. What are the prime factors of r?
11, 13, 197
Let k(g) = -g**2 - 27*g - 72. Let s be k(-10). Suppose j - x - s = 1033, -x + 2 = 0. What are the prime factors of j?
11, 103
Suppose 0 = 283*d - 277*d + 5*x - 24319, -3*d + 2*x + 12164 = 0. List the prime factors of d.
2, 2027
Let o = -20786 + 39818. List the prime factors of o.
2, 3, 13, 61
Let m = -15367 + 37501. What are the prime factors of m?
2, 3, 7, 17, 31
Let f = -173 - -179. Suppose 3218 = f*a + 572. List the prime factors of a.
3, 7
Let r = 344 - -1192. List the prime factors of r.
2, 3
What are the prime factors of (-48 + 42)/(6*(-4)/77776)?
2, 4861
Let c(t) = 9215*t**2 - 400*t + 796. What are the prime factors of c(2)?
2, 17, 271
Suppose 12*f - 1132 - 14840 = 0. List the prime factors of f.
11
Let l(w) = -2*w**2 - 3*w + 3. Let x be l(-5). Let r(b) be the first derivative of -b**4/4 - 11*b**3 - 19*b**2 - 4*b - 4617. What are the prime factors of r(x)?
2, 47
Let c = 3094 + -1252. Let g = 2740 - c. What are the prime factors of g?
2, 449
Let h(m) be the second derivative of 175*m**3/6 - 19*m**2/2 + 2*m + 10. What are the prime factors of h(2)?
331
Let b(j) = -10*j**2 - 34*j + 71. Let k be b(2). Suppose 2*t + v - 155 = -2*v, 3*t - 230 = -4*v. Let i = k + t. What are the prime factors of i?
3, 11
Suppose 8*u - 232 = 4*u. Let g = 99 - 120. Let n = u + g. What are the prime factors of n?
37
Let t(r) = -4*r**3 + 148*r**2 - 27*r + 46. List the prime factors of t(35).
3, 23, 43
Let f = -1841 + 3766. Suppose 6*d = f + 637. What are the prime factors of d?
7, 61
Let m = 6033 + -2113. What are the prime factors of m?
2, 5, 7
Let g(u) = -u**2 + 0 + u**3 - 3 + 5*u**2 - 3*u**2 + 6*u**2 - 25*u. What are the prime factors of g(6)?
3, 5, 7
Let q(m) be the first derivative of -1/4*m**4 + 11 + 5/2*m**2 - 7*m - 4/3*m**3. What are the prime factors of q(-6)?
5, 7
Let m(w) = 4*w - w + 4*w**2 + 4 + 14*w**3 - 14. Let u be m(3). Suppose -2*l - l + 2*n + u = 0, 2*l + 2*n = 262. What are the prime factors of l?
3, 5
Let f = 141 - 137. Suppose -10*v - 3157 = -2*m - 11*v, 0 = f*m + 3*v - 6311. List the prime factors of m.
2, 5, 79
Suppose -2*p + n = -2102 - 288, 2*n - 2396 = -2*p. List the prime factors of p.
2, 13, 23
Let z = 83504 - 56550. List the prime factors of z.
2, 13477
Let c(l) be the first derivative of 2*l**3/3 + 3*l**2 + 34*l + 51. List the prime factors of c(-14).
2, 3, 19
Let j = -60 - -60. Suppose j = -s + 4*l + 13344, l = -3*s - 844 + 40876. List the prime factors of (2/(-3))/((-64)/s).
139
Let f(l) = l**2 - 299. Let g be f(-17). List the prime factors of (-65)/g*6*1/3.
13
Let v be (-3816)/(-48)*44/3. Suppose -90*u + v = -79*u. What are the prime factors of u?
2, 53
What are the prime factors of (8/3)/(-2 - -3)*265659/34?
2, 5209
Let x = 122128 + -80188. List the prime factors of x.
2, 3, 5, 233
Let c = 49 - -28. Let q = 181 + c. List the prime factors of q.
2, 3, 43
Let g(h) be the second derivative of -h**4/4 + 51*h**3/2 - 32*h**2 - 107*h. List the prime factors of g(36).
2, 389
Let x = -90 - -92. Suppose 142 - 52 = x*p. Suppose -4*y = -r + p, 5*r + 3*y - 11 = 145. List the prime factors of r.
3, 11
Let s be (123/(-39) - -3) + (-84)/(-39). Let t be 16 + s + -1 - (0 - 1). Suppose -623 = -t*o + 11*o. What are the prime factors of o?
89
Suppose -27*q + 69 = -93. What are the prime factors of (940 - -16)/(4/q)?
2, 3, 239
Let q be (-654)/(-5) + 84/70. Suppose -134*m = -q*m - 814. List the prime factors of m.
11, 37
Let k(v) = 22568*v - 752. What are the prime factors of k(1)?
2, 3, 101
Let u = 180 + -180. Suppose -s + f + 685 = -0*f, u = -4*s + f + 2755. What are the prime factors of s?
2, 3, 5, 23
Let u(r) = -r**3 - 14*r**2 + 14*r - 42. Let d be u(-15). Let v(i) = 2*i**2 + 36*i - 107. What are the prime factors of v(d)?
379
What are the prime factors of (-9 + 21 + -14)/((-2)/15354)?
2, 3, 853
Suppose 4*x - 1961 = -a - 4*a, -2*a = 5*x - 2447. Let r = x + -313. List the prime factors of r.
2, 11
Suppose v + 14 = 6. Let r(c) = c**3 + 8*c**2 - c - 2. Let b be r(v). Suppose 114 = b*p - 4*p. List the prime factors of p.
3, 19
Let k(s) = 18*s + 484. Let o = -548 - -570. List the prime factors of k(o).
2, 5, 11
Suppose -194*n - 4*d - 29512 = -196*n, -n + 5*d = -14738. What are the prime factors of n?
2, 13, 71
Let a(w) = 360*w + 8. Let v be a(2). Suppose -u + v = u. What are the prime factors of u?
2, 7, 13
Suppose 23*y + 310608 = 131*y. List the prime factors of y.
2, 719
What are the prime factors of (1 + -5 - -2) + -137*(-18)/3?
2, 5, 41
Let k = 25 + 140. Suppose 4*n - k = 3*u, 4*u = -n - 0*n - 239. Let j = 94 + u. List the prime factors of j.
5, 7
What are the prime factors of (-142 - -132) + (32494 - (-4)/4)?
5, 73, 89
Let c(t) = 5*t**2 - 6*t**2 - 6*t**3 + 1 - 21*t + 16*t. What are the prime factors of c(-3)?
13
Let x(v) = -v - 20 - 9*v + v - 9*v. What are the prime factors of x(-3)?
2, 17
Let t(c) = 183*c**2 - 273*c - 13. List the prime factors of t(-6).
43, 191
Suppose -5*q - 31 = -2*p, -12 = 3*q + 4*p - 3*p. List the prime factors of (-15)/((44935/820)/11 + q).
2, 5, 41
Suppose 144*m - 139*m - 8745 = 0. List the prime factors of (m/3)/((-5)/(-5) - 0).
11, 53
Let s be 1/((-16)/(-52))*16. Suppose -s = -2*r - 56. What are the prime factors of (3 - r) + (134 - 8)?
131
Suppose 98*y + 113*y - 89250 = 36*y. List the prime factors of y.
2, 3, 5, 17
List the prime factors of (113028/(-5))/(561/(-170)) - 4/22.
2, 5, 137
Let y(n) = 4 + 54*n**3 + 8*n**2 + 13*n**2 - 24*n**2. List the prime factors of y(2).
2, 53
Suppose 2*g = 5*o + 102942, -80*o + 84*o = 3*g - 154427. List the prime factors of g.
51481
Let y(w) be the first derivative of -w**4/4 + 10*w**3/3 - 11*w**2/2 + 10*w - 17. Let a be y(9). What are the prime factors of (-4)/(a/94) - -3?
2, 5
Let n be ((-21 - -7) + 8)*2/(-4). List the prime factors of 0/(-3) - (-772 - (-2 - n)).
13, 59
Let h = -190634 - -279309. List the prime factors of h.
5, 3547
Suppose 0 = l - 2*f - 286, 0 = -3*l - f - 2*f + 858. Suppose 4*o = -m + l, m = -m + 5*o + 624. List the prime factors of m.
2, 151
Suppose 7*r = 9 + 33. List the prime factors of r*(2 - -4)*1 - -2.
2, 19
Let o(z) be the third derivative of 25*z**4/8 - 35*z**3/6 + 44*z**2 - z. List the prime factors of o(3).
2, 5, 19
Suppose 17*h + 16*h = -11*h + 573364. List the prime factors of h.
83, 157
Suppose -84511 - 116746 + 4031 = -6*r. What are the prime factors of r?
3, 10957
Suppose -3*n - 198 = -5*f, -2*f + 50 + 14 = -5*n. Suppose 795 = -f*m + 45*m - 3*x, 0 = -3*m + 4*x + 793. List the prime factors of m.
3, 89
Suppose 20*j + 3017 = -5003. Let x = j + 669. List the prime factors of x.
2, 67
Let f(g) = 74*g + 14. Let b(x) = 1. Let z(t) = 6*b(t) - f(t). Let c be z(-3). Let r = c + 34. List the prime factors of r.
2, 31
Let g be (6/(-5))/((18/15)/(-3)). Let y be (1 + 0)*(-4 + g - 6). Let p(r) = -r**3 - 7*r**2 - 20*r - 10. List the prime factor